e greatest common factor of 42 and 1050?
42
What is the greatest common factor of 4756 and 738?
82
Calculate the highest common factor of 333 and 27.
9
What is the highest common factor of 87 and 406?
29
What is the highest common factor of 45 and 28845?
45
Calculate the greatest common divisor of 4 and 149.
1
Calculate the highest common divisor of 449 and 8.
1
What is the greatest common divisor of 22 and 3322?
22
What is the highest common factor of 1534 and 118?
118
What is the greatest common factor of 240 and 80?
80
What is the greatest common divisor of 165 and 20?
5
Calculate the greatest common divisor of 6766 and 17.
17
What is the greatest common factor of 13 and 1573?
13
Calculate the greatest common divisor of 1472 and 64.
64
What is the greatest common divisor of 10968 and 48?
24
Calculate the greatest common divisor of 24 and 10.
2
Calculate the highest common factor of 100 and 452.
4
What is the highest common divisor of 10523 and 51?
17
What is the greatest common factor of 1296 and 54?
54
What is the highest common factor of 30 and 570?
30
Calculate the highest common divisor of 290 and 20.
10
Calculate the greatest common factor of 72957 and 249.
249
Calculate the highest common divisor of 56 and 25340.
28
Calculate the highest common factor of 36 and 234.
18
What is the highest common factor of 368 and 17158?
46
What is the greatest common factor of 15 and 9900?
15
Calculate the greatest common divisor of 46 and 2.
2
Calculate the highest common factor of 4 and 1714.
2
What is the highest common factor of 306 and 18?
18
Calculate the highest common factor of 37 and 2183.
37
What is the highest common divisor of 30 and 1695?
15
What is the greatest common factor of 1045 and 110?
55
Calculate the highest common factor of 120 and 405.
15
Calculate the greatest common factor of 462 and 132.
66
Calculate the greatest common factor of 400 and 150.
50
What is the greatest common divisor of 34998 and 342?
114
What is the highest common factor of 3921 and 12?
3
Calculate the greatest common factor of 495 and 154.
11
Calculate the highest common factor of 58 and 49242.
58
Calculate the greatest common divisor of 5181 and 77.
11
What is the greatest common divisor of 72 and 600?
24
What is the highest common factor of 425 and 34?
17
What is the greatest common factor of 6030 and 90?
90
Calculate the highest common divisor of 5759 and 39.
13
Calculate the highest common factor of 2 and 2344.
2
What is the greatest common factor of 899 and 58?
29
What is the greatest common factor of 8130 and 30?
30
Calculate the highest common factor of 174 and 13833.
87
What is the greatest common divisor of 38009 and 382?
191
What is the greatest common factor of 12 and 57?
3
What is the greatest common divisor of 957 and 1479?
87
What is the highest common divisor of 14357 and 293?
293
Calculate the greatest common factor of 1666 and 34.
34
What is the greatest common factor of 300 and 400?
100
Calculate the highest common factor of 756 and 364.
28
Calculate the greatest common factor of 78 and 10959.
39
What is the greatest common factor of 228 and 171?
57
Calculate the greatest common divisor of 200 and 15800.
200
What is the highest common factor of 55 and 130?
5
Calculate the highest common factor of 899 and 341.
31
What is the greatest common factor of 320 and 20?
20
What is the highest common factor of 3 and 43?
1
Calculate the highest common factor of 89 and 11659.
89
Calculate the greatest common factor of 100 and 15.
5
What is the greatest common factor of 56 and 3367?
7
Calculate the highest common factor of 1815 and 45.
15
What is the highest common factor of 23 and 1817?
23
What is the greatest common factor of 8 and 512?
8
What is the greatest common divisor of 1482 and 234?
78
Calculate the highest common factor of 1 and 8.
1
What is the greatest common divisor of 6 and 438?
6
What is the greatest common factor of 26931 and 282?
141
What is the greatest common divisor of 88 and 484?
44
What is the highest common divisor of 3150 and 378?
126
Calculate the greatest common divisor of 869 and 44.
11
What is the greatest common divisor of 445 and 180?
5
What is the greatest common divisor of 117 and 624?
39
What is the highest common factor of 511 and 292?
73
Calculate the highest common divisor of 670 and 20.
10
What is the greatest common divisor of 1360 and 4?
4
What is the highest common divisor of 348 and 43674?
174
Calculate the highest common divisor of 11 and 6677.
11
What is the highest common divisor of 6 and 1002?
6
What is the greatest common factor of 23 and 2070?
23
Calculate the highest common divisor of 57 and 855.
57
What is the highest common factor of 85 and 305?
5
What is the greatest common divisor of 62 and 310?
62
Calculate the greatest common divisor of 18 and 1278.
18
What is the highest common divisor of 111 and 9?
3
What is the highest common divisor of 3425 and 25?
25
What is the highest common divisor of 1682 and 1740?
58
What is the greatest common factor of 195 and 75?
15
What is the highest common divisor of 188 and 94?
94
What is the highest common divisor of 34 and 17?
17
Calculate the greatest common factor of 33 and 11.
11
Calculate the highest common divisor of 196 and 1274.
98
Calculate the highest common factor of 184 and 207.
23
Calculate the greatest common divisor of 15 and 285.
15
What is the greatest common factor of 256 and 112?
16
Calculate the greatest common factor of 235 and 100.
5
Calculate the greatest common divisor of 56 and 70.
14
What is the highest common factor of 504 and 36?
36
Calculate the highest common factor of 11956 and 980.
196
What is the greatest common divisor of 55 and 407?
11
Calculate the highest common divisor of 52 and 338.
26
What is the greatest common factor of 416 and 80?
16
Calculate the highest common factor of 15050 and 10.
10
What is the highest common factor of 21 and 6069?
21
What is the greatest common divisor of 45 and 135?
45
Calculate the greatest common factor of 2301 and 78.
39
What is the highest common divisor of 3456 and 6?
6
What is the highest common factor of 6 and 192?
6
Calculate the highest common divisor of 2945 and 95.
95
Calculate the greatest common divisor of 44 and 484.
44
Calculate the greatest common divisor of 100 and 925.
25
What is the greatest common factor of 24 and 312?
24
What is the greatest common divisor of 153 and 68?
17
What is the highest common factor of 1702 and 370?
74
What is the highest common factor of 312 and 24?
24
What is the highest common divisor of 1 and 29?
1
Calculate the highest common divisor of 1188 and 27.
27
Calculate the greatest common divisor of 6556 and 44.
44
Calculate the highest common divisor of 22 and 1738.
22
What is the highest common factor of 28329 and 21?
21
Calculate the highest common divisor of 32 and 11504.
16
What is the highest common factor of 5082 and 56?
14
What is the highest common factor of 279 and 124?
31
What is the greatest common divisor of 24115 and 35?
35
What is the highest common divisor of 13 and 533?
13
What is the greatest common factor of 105 and 273?
21
What is the greatest common factor of 319 and 143?
11
What is the greatest common factor of 39 and 221?
13
What is the highest common divisor of 217 and 21?
7
What is the greatest common factor of 60 and 4308?
12
What is the greatest common factor of 55 and 99?
11
What is the highest common divisor of 3977 and 82?
41
What is the highest common divisor of 3 and 11?
1
What is the highest common divisor of 16 and 1?
1
Calculate the highest common divisor of 875 and 2975.
175
Calculate the greatest common factor of 14 and 4424.
14
Calculate the highest common divisor of 273 and 1183.
91
Calculate the highest common factor of 48 and 15888.
48
What is the greatest common factor of 6 and 24?
6
Calculate the greatest common divisor of 2544 and 32.
16
Calculate the highest common factor of 500 and 40.
20
Calculate the greatest common factor of 22 and 24.
2
Calculate the greatest common factor of 1054 and 62.
62
Calculate the highest common divisor of 572 and 1001.
143
What is the highest common factor of 102 and 884?
34
What is the highest common factor of 56 and 104?
8
What is the highest common factor of 26 and 12506?
2